{"id":682,"date":"2025-04-20T12:22:19","date_gmt":"2025-04-20T12:22:19","guid":{"rendered":"https:\/\/fincalatorre.icomdi.com\/?page_id=682"},"modified":"2025-05-05T15:34:08","modified_gmt":"2025-05-05T15:34:08","slug":"turismo-por-la-zona","status":"publish","type":"page","link":"https:\/\/fincalatorre.icomdi.com\/es\/oleoturismo\/turismo-por-la-zona\/","title":{"rendered":"Turismo por la zona"},"content":{"rendered":"\t\t<div data-elementor-type=\"wp-page\" data-elementor-id=\"682\" class=\"elementor elementor-682\" data-elementor-post-type=\"page\">\n\t\t\t\t<div class=\"elementor-element elementor-element-b8ec644 e-flex e-con-boxed e-con e-parent\" data-id=\"b8ec644\" data-element_type=\"container\" data-e-type=\"container\" data-settings=\"{&quot;background_background&quot;:&quot;classic&quot;,&quot;ekit_has_onepagescroll_dot&quot;:&quot;yes&quot;}\">\n\t\t\t\t\t<div class=\"e-con-inner\">\n\t\t\t\t<div class=\"elementor-element elementor-element-6ea0872 elementor-widget elementor-widget-heading\" data-id=\"6ea0872\" data-element_type=\"widget\" data-e-type=\"widget\" data-settings=\"{&quot;ekit_we_effect_on&quot;:&quot;none&quot;}\" data-widget_type=\"heading.default\">\n\t\t\t\t<div class=\"elementor-widget-container\">\n\t\t\t\t\t<h1 class=\"elementor-heading-title elementor-size-default\">NOS RODEAMOS DE LO MEJOR<\/h1>\t\t\t\t<\/div>\n\t\t\t\t<\/div>\n\t\t\t\t\t<\/div>\n\t\t\t\t<\/div>\n\t\t<div class=\"elementor-element elementor-element-df750fd e-flex e-con-boxed e-con e-parent\" data-id=\"df750fd\" data-element_type=\"container\" data-e-type=\"container\" data-settings=\"{&quot;ekit_has_onepagescroll_dot&quot;:&quot;yes&quot;}\">\n\t\t\t\t\t<div class=\"e-con-inner\">\n\t\t\t\t<div class=\"elementor-element elementor-element-b0b7b9d elementor-widget__width-initial elementor-widget elementor-widget-text-editor\" data-id=\"b0b7b9d\" data-element_type=\"widget\" data-e-type=\"widget\" data-settings=\"{&quot;ekit_we_effect_on&quot;:&quot;none&quot;}\" data-widget_type=\"text-editor.default\">\n\t\t\t\t<div class=\"elementor-widget-container\">\n\t\t\t\t\t\t\t\t\t<div id=\"intro_instalacion\"><div id=\"zonaturismo1\"><div>Nuestra finca se encuentra en pleno coraz\u00f3n de Andaluc\u00eda, a unos 100km de Sevilla, C\u00f3rdoba, Granada y la costa de M\u00e1laga.<\/div><\/div><\/div>\t\t\t\t\t\t\t\t<\/div>\n\t\t\t\t<\/div>\n\t\t<div class=\"elementor-element elementor-element-9042b7f e-grid e-con-full e-con e-child\" data-id=\"9042b7f\" data-element_type=\"container\" data-e-type=\"container\" data-settings=\"{&quot;ekit_has_onepagescroll_dot&quot;:&quot;yes&quot;}\">\n\t\t<div class=\"elementor-element elementor-element-ed2580d e-con-full e-flex e-con e-child\" data-id=\"ed2580d\" data-element_type=\"container\" data-e-type=\"container\" data-settings=\"{&quot;background_background&quot;:&quot;classic&quot;,&quot;ekit_has_onepagescroll_dot&quot;:&quot;yes&quot;}\">\n\t\t\t\t<div class=\"elementor-element elementor-element-ff4ebe0 elementor-widget elementor-widget-heading\" data-id=\"ff4ebe0\" data-element_type=\"widget\" data-e-type=\"widget\" data-settings=\"{&quot;ekit_we_effect_on&quot;:&quot;none&quot;}\" data-widget_type=\"heading.default\">\n\t\t\t\t<div class=\"elementor-widget-container\">\n\t\t\t\t\t<h2 class=\"elementor-heading-title elementor-size-default\">Sevilla<\/h2>\t\t\t\t<\/div>\n\t\t\t\t<\/div>\n\t\t\t\t<\/div>\n\t\t<div class=\"elementor-element elementor-element-3ce7c01 e-con-full e-flex e-con e-child\" data-id=\"3ce7c01\" data-element_type=\"container\" data-e-type=\"container\" data-settings=\"{&quot;background_background&quot;:&quot;classic&quot;,&quot;ekit_has_onepagescroll_dot&quot;:&quot;yes&quot;}\">\n\t\t\t\t<div class=\"elementor-element elementor-element-797481d elementor-widget elementor-widget-heading\" data-id=\"797481d\" data-element_type=\"widget\" data-e-type=\"widget\" data-settings=\"{&quot;ekit_we_effect_on&quot;:&quot;none&quot;}\" data-widget_type=\"heading.default\">\n\t\t\t\t<div class=\"elementor-widget-container\">\n\t\t\t\t\t<h2 class=\"elementor-heading-title elementor-size-default\">Granada<\/h2>\t\t\t\t<\/div>\n\t\t\t\t<\/div>\n\t\t\t\t<\/div>\n\t\t<div class=\"elementor-element elementor-element-f664e42 e-con-full e-flex e-con e-child\" data-id=\"f664e42\" data-element_type=\"container\" data-e-type=\"container\" data-settings=\"{&quot;background_background&quot;:&quot;classic&quot;,&quot;ekit_has_onepagescroll_dot&quot;:&quot;yes&quot;}\">\n\t\t\t\t<div class=\"elementor-element elementor-element-3916891 elementor-widget elementor-widget-heading\" data-id=\"3916891\" data-element_type=\"widget\" data-e-type=\"widget\" data-settings=\"{&quot;ekit_we_effect_on&quot;:&quot;none&quot;}\" data-widget_type=\"heading.default\">\n\t\t\t\t<div class=\"elementor-widget-container\">\n\t\t\t\t\t<h2 class=\"elementor-heading-title elementor-size-default\">C\u00f3rdoba<\/h2>\t\t\t\t<\/div>\n\t\t\t\t<\/div>\n\t\t\t\t<\/div>\n\t\t<div class=\"elementor-element elementor-element-9226a75 e-con-full e-flex e-con e-child\" data-id=\"9226a75\" data-element_type=\"container\" data-e-type=\"container\" data-settings=\"{&quot;background_background&quot;:&quot;classic&quot;,&quot;ekit_has_onepagescroll_dot&quot;:&quot;yes&quot;}\">\n\t\t\t\t<div class=\"elementor-element elementor-element-786c83d elementor-widget elementor-widget-heading\" data-id=\"786c83d\" data-element_type=\"widget\" data-e-type=\"widget\" data-settings=\"{&quot;ekit_we_effect_on&quot;:&quot;none&quot;}\" data-widget_type=\"heading.default\">\n\t\t\t\t<div class=\"elementor-widget-container\">\n\t\t\t\t\t<h2 class=\"elementor-heading-title elementor-size-default\">Costa de M\u00e1laga<\/h2>\t\t\t\t<\/div>\n\t\t\t\t<\/div>\n\t\t\t\t<\/div>\n\t\t\t\t<\/div>\n\t\t\t\t\t<\/div>\n\t\t\t\t<\/div>\n\t\t<div class=\"elementor-element elementor-element-b036e37 e-flex e-con-boxed e-con e-parent\" data-id=\"b036e37\" data-element_type=\"container\" data-e-type=\"container\" data-settings=\"{&quot;background_background&quot;:&quot;classic&quot;,&quot;ekit_has_onepagescroll_dot&quot;:&quot;yes&quot;}\">\n\t\t\t\t\t<div class=\"e-con-inner\">\n\t\t\t\t<div class=\"elementor-element elementor-element-fc9b7e4 elementor-widget__width-initial elementor-widget elementor-widget-text-editor\" data-id=\"fc9b7e4\" data-element_type=\"widget\" data-e-type=\"widget\" data-settings=\"{&quot;ekit_we_effect_on&quot;:&quot;none&quot;}\" data-widget_type=\"text-editor.default\">\n\t\t\t\t<div class=\"elementor-widget-container\">\n\t\t\t\t\t\t\t\t\t<p>La oferta tur\u00edstica de la zona no tiene l\u00edmites: a pocos kil\u00f3metros se encuentra Antequera con sus d\u00f3lmenes Patrimonio de la Humanidad, los parajes naturales como la Reserva Natural de Fuente de Piedra y el Paraje Natural del Torcal de Antequera, actividades de ocio y playa en la Costa del Sol, y a unos 50 minutos, El Caminito del Rey.<\/p>\t\t\t\t\t\t\t\t<\/div>\n\t\t\t\t<\/div>\n\t\t\t\t\t<\/div>\n\t\t\t\t<\/div>\n\t\t\t\t<\/div>\n\t\t","protected":false},"excerpt":{"rendered":"<p>NOS RODEAMOS DE LO MEJOR Nuestra finca se encuentra en pleno coraz\u00f3n de Andaluc\u00eda, a unos 100km de Sevilla, C\u00f3rdoba, Granada y la costa de M\u00e1laga. Sevilla Granada C\u00f3rdoba Costa de M\u00e1laga La oferta tur\u00edstica de la zona no tiene l\u00edmites: a pocos kil\u00f3metros se encuentra Antequera con sus d\u00f3lmenes Patrimonio de la Humanidad, los [&hellip;]<\/p>\n","protected":false},"author":1,"featured_media":0,"parent":674,"menu_order":0,"comment_status":"closed","ping_status":"closed","template":"","meta":{"_acf_changed":false,"footnotes":""},"class_list":["post-682","page","type-page","status-publish","hentry"],"acf":[],"_links":{"self":[{"href":"https:\/\/fincalatorre.icomdi.com\/es\/wp-json\/wp\/v2\/pages\/682","targetHints":{"allow":["GET"]}}],"collection":[{"href":"https:\/\/fincalatorre.icomdi.com\/es\/wp-json\/wp\/v2\/pages"}],"about":[{"href":"https:\/\/fincalatorre.icomdi.com\/es\/wp-json\/wp\/v2\/types\/page"}],"author":[{"embeddable":true,"href":"https:\/\/fincalatorre.icomdi.com\/es\/wp-json\/wp\/v2\/users\/1"}],"replies":[{"embeddable":true,"href":"https:\/\/fincalatorre.icomdi.com\/es\/wp-json\/wp\/v2\/comments?post=682"}],"version-history":[{"count":13,"href":"https:\/\/fincalatorre.icomdi.com\/es\/wp-json\/wp\/v2\/pages\/682\/revisions"}],"predecessor-version":[{"id":1283,"href":"https:\/\/fincalatorre.icomdi.com\/es\/wp-json\/wp\/v2\/pages\/682\/revisions\/1283"}],"up":[{"embeddable":true,"href":"https:\/\/fincalatorre.icomdi.com\/es\/wp-json\/wp\/v2\/pages\/674"}],"wp:attachment":[{"href":"https:\/\/fincalatorre.icomdi.com\/es\/wp-json\/wp\/v2\/media?parent=682"}],"curies":[{"name":"wp","href":"https:\/\/api.w.org\/{rel}","templated":true}]}}

<div data-elementor-type="wp-page" data-elementor-id="682" class="elementor elementor-682" data-elementor-post-type="page">
				<div class="elementor-element elementor-element-b8ec644 e-flex e-con-boxed e-con e-parent" data-id="b8ec644" data-element_type="container" data-e-type="container" data-settings="{&quot;background_background&quot;:&quot;classic&quot;,&quot;ekit_has_onepagescroll_dot&quot;:&quot;yes&quot;}">
					<div class="e-con-inner">
				<div class="elementor-element elementor-element-6ea0872 elementor-widget elementor-widget-heading" data-id="6ea0872" data-element_type="widget" data-e-type="widget" data-settings="{&quot;ekit_we_effect_on&quot;:&quot;none&quot;}" data-widget_type="heading.default">
				<div class="elementor-widget-container">
					<h1 class="elementor-heading-title elementor-size-default">NOS RODEAMOS DE LO MEJOR</h1>				</div>
				</div>
					</div>
				</div>
		<div class="elementor-element elementor-element-df750fd e-flex e-con-boxed e-con e-parent" data-id="df750fd" data-element_type="container" data-e-type="container" data-settings="{&quot;ekit_has_onepagescroll_dot&quot;:&quot;yes&quot;}">
					<div class="e-con-inner">
				<div class="elementor-element elementor-element-b0b7b9d elementor-widget__width-initial elementor-widget elementor-widget-text-editor" data-id="b0b7b9d" data-element_type="widget" data-e-type="widget" data-settings="{&quot;ekit_we_effect_on&quot;:&quot;none&quot;}" data-widget_type="text-editor.default">
				<div class="elementor-widget-container">
									<div id="intro_instalacion"><div id="zonaturismo1"><div>Nuestra finca se encuentra en pleno corazón de Andalucía, a unos 100km de Sevilla, Córdoba, Granada y la costa de Málaga.</div></div></div>								</div>
				</div>
		<div class="elementor-element elementor-element-9042b7f e-grid e-con-full e-con e-child" data-id="9042b7f" data-element_type="container" data-e-type="container" data-settings="{&quot;ekit_has_onepagescroll_dot&quot;:&quot;yes&quot;}">
		<div class="elementor-element elementor-element-ed2580d e-con-full e-flex e-con e-child" data-id="ed2580d" data-element_type="container" data-e-type="container" data-settings="{&quot;background_background&quot;:&quot;classic&quot;,&quot;ekit_has_onepagescroll_dot&quot;:&quot;yes&quot;}">
				<div class="elementor-element elementor-element-ff4ebe0 elementor-widget elementor-widget-heading" data-id="ff4ebe0" data-element_type="widget" data-e-type="widget" data-settings="{&quot;ekit_we_effect_on&quot;:&quot;none&quot;}" data-widget_type="heading.default">
				<div class="elementor-widget-container">
					<h2 class="elementor-heading-title elementor-size-default">Sevilla</h2>				</div>
				</div>
				</div>
		<div class="elementor-element elementor-element-3ce7c01 e-con-full e-flex e-con e-child" data-id="3ce7c01" data-element_type="container" data-e-type="container" data-settings="{&quot;background_background&quot;:&quot;classic&quot;,&quot;ekit_has_onepagescroll_dot&quot;:&quot;yes&quot;}">
				<div class="elementor-element elementor-element-797481d elementor-widget elementor-widget-heading" data-id="797481d" data-element_type="widget" data-e-type="widget" data-settings="{&quot;ekit_we_effect_on&quot;:&quot;none&quot;}" data-widget_type="heading.default">
				<div class="elementor-widget-container">
					<h2 class="elementor-heading-title elementor-size-default">Granada</h2>				</div>
				</div>
				</div>
		<div class="elementor-element elementor-element-f664e42 e-con-full e-flex e-con e-child" data-id="f664e42" data-element_type="container" data-e-type="container" data-settings="{&quot;background_background&quot;:&quot;classic&quot;,&quot;ekit_has_onepagescroll_dot&quot;:&quot;yes&quot;}">
				<div class="elementor-element elementor-element-3916891 elementor-widget elementor-widget-heading" data-id="3916891" data-element_type="widget" data-e-type="widget" data-settings="{&quot;ekit_we_effect_on&quot;:&quot;none&quot;}" data-widget_type="heading.default">
				<div class="elementor-widget-container">
					<h2 class="elementor-heading-title elementor-size-default">Córdoba</h2>				</div>
				</div>
				</div>
		<div class="elementor-element elementor-element-9226a75 e-con-full e-flex e-con e-child" data-id="9226a75" data-element_type="container" data-e-type="container" data-settings="{&quot;background_background&quot;:&quot;classic&quot;,&quot;ekit_has_onepagescroll_dot&quot;:&quot;yes&quot;}">
				<div class="elementor-element elementor-element-786c83d elementor-widget elementor-widget-heading" data-id="786c83d" data-element_type="widget" data-e-type="widget" data-settings="{&quot;ekit_we_effect_on&quot;:&quot;none&quot;}" data-widget_type="heading.default">
				<div class="elementor-widget-container">
					<h2 class="elementor-heading-title elementor-size-default">Costa de Málaga</h2>				</div>
				</div>
				</div>
				</div>
					</div>
				</div>
		<div class="elementor-element elementor-element-b036e37 e-flex e-con-boxed e-con e-parent" data-id="b036e37" data-element_type="container" data-e-type="container" data-settings="{&quot;background_background&quot;:&quot;classic&quot;,&quot;ekit_has_onepagescroll_dot&quot;:&quot;yes&quot;}">
					<div class="e-con-inner">
				<div class="elementor-element elementor-element-fc9b7e4 elementor-widget__width-initial elementor-widget elementor-widget-text-editor" data-id="fc9b7e4" data-element_type="widget" data-e-type="widget" data-settings="{&quot;ekit_we_effect_on&quot;:&quot;none&quot;}" data-widget_type="text-editor.default">
				<div class="elementor-widget-container">
									<p>La oferta turística de la zona no tiene límites: a pocos kilómetros se encuentra Antequera con sus dólmenes Patrimonio de la Humanidad, los parajes naturales como la Reserva Natural de Fuente de Piedra y el Paraje Natural del Torcal de Antequera, actividades de ocio y playa en la Costa del Sol, y a unos 50 minutos, El Caminito del Rey.</p>								</div>
				</div>
					</div>
				</div>
				</div>

<p>NOS RODEAMOS DE LO MEJOR Nuestra finca se encuentra en pleno corazón de Andalucía, a unos 100km de Sevilla, Córdoba, Granada y la costa de Málaga. Sevilla Granada Córdoba Costa de Málaga La oferta turística de la zona no tiene límites: a pocos kilómetros se encuentra Antequera con sus dólmenes Patrimonio de la Humanidad, los [&hellip;]</p>
